ose -m + 0*k - 2*k + 60 = 0, -5*m + 3*k = -287. Let y be m/18 + 4/(-18). Suppose -2*f - 1 = -y*f. What is the units digit of f?
1
What is the tens digit of (5/(-10))/(2/(-48))?
1
Let s = 2 + 7. Let j = -27 + s. Let y = -12 - j. What is the units digit of y?
6
Let x be (-60)/(-75) - 368/10. Let p = 59 + x. What is the units digit of p?
3
Suppose 4*h = 2*w - 0*h - 46, 5*w - h = 79. Let b = w - 5. Suppose -a - a = -b. What is the units digit of a?
5
Let k be (-20)/9 + 6/27. Let c(r) = -r**2 - 2*r. Let n be c(k). Suppose 5*d - g - 20 = n, 2*d + 0*g - g = 11. What is the units digit of d?
3
Let q(m) = -6*m**3 - m**2. Let o be q(-1). Suppose 2*x = -5*z - 2, -o*z = -5*x - 4 - 1. Suppose -48 = -4*k - z. What is the tens digit of k?
1
Let q = 4 + -5. Let n be (q - -1) + (-3 - -24). Suppose 0*h + 66 = 5*y - 2*h, -3*h - n = -y. What is the tens digit of y?
1
Let y = 43 - 15. What is the units digit of y?
8
Suppose -19*s + 17*s = -522. What is the tens digit of s?
6
What is the tens digit of (28/10)/((-4)/(-20))?
1
Let p(b) = b**2 - 4*b. Let m be p(5). Suppose 15 = m*q - 2*q. Suppose q + 19 = 3*k. What is the units digit of k?
8
Suppose -s = -2*i + 71, i - s - 2*s - 33 = 0. Suppose -l = l - i. Suppose -5*v = -l - 2. What is the units digit of v?
4
Let g(q) be the third derivative of q**7/2520 - q**6/720 - q**5/60 - q**4/24 - q**2. Let p(u) be the second derivative of g(u). What is the units digit of p(3)?
4
Let a = 13 + 28. What is the units digit of a?
1
Suppose -c = -5*h + 313, -3*h = 3*c - 2*c - 183. What is the units digit of h?
2
Suppose 4*v = 5*s - 86, 0 = 2*s + v - 21 - 16. Suppose 5*k = 4*m + 13 - 0, -2*k + 3*m = -1. Suppose -22 = -k*q + s. What is the units digit of q?
8
Let i(u) = u**2 - 2*u. Let z be i(2). Suppose z*j = -j + 9. What is the units digit of j?
9
Let b(l) = -10*l - 34. What is the tens digit of b(-14)?
0
Let w(h) be the third derivative of h**4/24 - 5*h**3/6 + 2*h**2. Let a be w(7). Let o(z) = 3*z - 3. What is the units digit of o(a)?
3
Let d be (6/(-4))/(6/16). Let m = 1 - d. What is the units digit of m?
5
Let a = -18 + 21. Suppose -3*p + 3*w + 15 = 0, a = -p + 4*w + 17. What is the units digit of p?
2
Let j be (-2)/(-2) - (-5)/(-1). Let a = j - -8. What is the units digit of a?
4
Let b(u) = u + 1. Let i be b(9). Suppose 2*f - i = -3*f. What is the units digit of (-55)/(-45) - f/9?
1
What is the tens digit of 785/10 + 6/(-4)?
7
Let h(k) = 49*k**2. What is the tens digit of h(-1)?
4
Let k(m) = -6*m**2 + 1. Let g be k(1). Let d = g + 21. Suppose -2*a = 2*x - d, -2*a - a = 2*x - 18. What is the units digit of x?
6
Let i(m) = -m**2 + 11*m + 4. Let l be 14/(-35) - 47/(-5). Let o be i(l). What is the units digit of 6/33 + 326/o?
5
Suppose 0 = 2*o - 0*o + 10. Let j = 4 + o. Let z = 3 + j. What is the units digit of z?
2
Suppose -180 = 5*t + 15. Let p be -1*(20 + 0 + 3). Let k = p - t. What is the tens digit of k?
1
Let i = 0 + 0. Suppose -2*n = -4*t + n + 36, i = -3*n + 12. What is the units digit of t?
2
Let z(p) = -3*p + p**2 + 0*p**2 + 9 + 10*p. Suppose 0 = 5*l + 19 + 11. What is the units digit of z(l)?
3
What is the units digit of (-1)/((6/75)/(-2))?
5
Suppose 4*k - 267 = -m + 5*k, m - 3*k - 259 = 0. What is the tens digit of m?
7
Suppose -3*n + 52 + 32 = 0. Suppose 0*g = -2*g + n. What is the tens digit of g?
1
Let s(z) be the first derivative of -z**3 + 3*z**2 + 2*z - 2. Let t(n) = n**2 - n. Let g(k) = s(k) + 4*t(k). What is the units digit of g(-2)?
2
What is the tens digit of 398/18 - (-12)/(-108)?
2
What is the hundreds digit of 1264/12 - (-2)/6*2?
1
Let g(h) = 2*h + h**2 + 0*h - 2 - 5*h - h. What is the units digit of g(5)?
3
Suppose -2*l - c - 9 = 0, 3*l + 5*c + 10 = -0*c. Let b = 10 + l. What is the units digit of b?
5
Suppose -13*c + 1404 + 1079 = 0. What is the hundreds digit of c?
1
Let j(b) = 7*b**2 + 1 + 2*b + b**2 - b**2. Let c be 2/(-4)*(-4 - -6). What is the units digit of j(c)?
6
Suppose -3*k - 3*n = 0, 4*k + 0*n = -n. Suppose -a + 20 = -k*a. Suppose -a = -3*f + 4. What is the units digit of f?
8
Suppose -1550 + 158 = -6*d. What is the hundreds digit of d?
2
Let p(v) be the second derivative of 1/6*v**3 + 0 + 0*v**2 - 2*v. What is the units digit of p(2)?
2
Suppose -3*y = 0, 15 = 5*k + 5*y - 0*y. Suppose 19 + 20 = k*i. What is the units digit of i?
3
Let m = 77 + -29. What is the units digit of m?
8
What is the tens digit of 2060/25 - (-4)/(-10)?
8
Let w = -17 + 75. What is the tens digit of w?
5
Suppose 0*z + 3*z = 6. Let d = 3 - z. Let g = d + 0. What is the units digit of g?
1
Let m = 16 + -20. What is the tens digit of -10*(-1 + m/4)?
2
Let n be (6/(-1))/((-3)/2). Let a(r) = -2*r - n*r + 4*r + 3*r - 1. What is the tens digit of a(14)?
1
Let v = 17 + -12. Suppose 0*p + 4*p = v*o - 56, 5*o - 24 = -4*p. What is the units digit of o?
8
Let s(u) = -2*u - 12. Let d be s(-8). Suppose 2*c - 4*c = 0. Let k = d - c. What is the units digit of k?
4
Let n be 2/6 + (-2)/6. Suppose 4*t = -5*a + 19, a - 4*a + 9 = n. What is the units digit of t?
1
Let c = 43 - 3. What is the tens digit of c?
4
Let r(z) = -z**2 + 2*z. Let o be r(2). Suppose 3*c + 9 = o, c + 5 = -g - 8. Let l = g - -21. What is the tens digit of l?
1
Let v(q) = -q**3 - 7*q**2 + 6. Let g = 7 - 14. What is the units digit of v(g)?
6
Let u(r) = -2 + 5*r + r - r - 2*r. What is the units digit of u(2)?
4
Let m(c) = c**3 - 3*c**2 + 4*c. Let n(f) = f**2 - f + 1. Let r(q) = m(q) + n(q). What is the tens digit of r(3)?
1
Let w = -39 + 81. What is the tens digit of w?
4
Suppose -s + 45 = 2*s. What is the tens digit of s?
1
Suppose b - 2 = -4*u, b - 5*u + 1 = -6. Let n(q) be the third derivative of q**5/60 + q**4/12 + q**3/3 - 7*q**2. What is the units digit of n(b)?
2
What is the tens digit of (1 + 5)/((-6)/(-39))?
3
Suppose -v + 100 = -f - 2*f, 3*f - 360 = -3*v. What is the hundreds digit of v?
1
Let t(x) be the third derivative of x**6/120 + x**5/12 + x**4/24 + x**3 + x**2. Suppose 5*c - 2*c + 23 = -2*u, -22 = 2*c + 3*u. What is the units digit of t(c)?
1
Let k be (0 - -1) + 5 + 90. Suppose 5*s = 2*w + 60, 5*s + 3*w - k = -11. Let b = 27 - s. What is the tens digit of b?
1
Let q(s) = -s**2 + 12*s + 18. Let l be q(13). Suppose l*f = 3*i + 18, f - 6*f - 5*i = -50. What is the units digit of f?
6
Let q = -4 - -9. Suppose q*c + 20 = 75. What is the tens digit of c?
1
Let w = 11 + 4. What is the units digit of w?
5
Let d = -380 + 589. What is the hundreds digit of d?
2
Suppose z = 5*n, -n - 4*n - 4*z = 0. Suppose n = 5*u - 10. What is the units digit of u?
2
Suppose 6*j = 4*j + 190. What is the tens digit of j?
9
Suppose -3*m = -3*v, 4*v + 6 = -m - 4. What is the units digit of (1 - v)*(-8)/(-6)?
4
Let t = 9 - 9. Suppose 54 = -t*c + 3*c. What is the units digit of c?
8
Suppose 5*i - 21 = q, -i + 6 = 3*q - 11. Suppose 23 = -i*t - 3*x, -4*t - x = 13 + 4. What is the units digit of (-2)/(-8) - 19/t?
5
Suppose 2*i - 6*i + 240 = 0. Suppose 0 = -4*d + i - 16. Suppose k - 2*k + d = 0. What is the tens digit of k?
1
Let n = -10 - -42. What is the tens digit of n?
3
Let h(p) = 17*p**3 - p**2 + 2*p - 2. What is the units digit of h(2)?
4
Let g(u) = u**3 - 7*u + 3. What is the tens digit of g(4)?
3
Let m(t) = t**3 - 14*t**2 + 15*t - 2. What is the units digit of m(13)?
4
What is the units digit of 41 - 4 - (-2)/2?
8
Let v(c) = c + 3. Let w be v(-3). Suppose -f + 5 = 0, -5*d + w*f + 2*f = -10. What is the units digit of d?
4
Suppose -5 = 3*m + 5*d, -3*m - 3 = 2*m + 3*d. Suppose m = f + 3*f - 96. Let q = 36 - f. What is the tens digit of q?
1
Let f(g) = -77*g + 5. What is the hundreds digit of f(-2)?
1
Suppose 2*m = 22 + 70. What is the units digit of m?
6
Let z = -8 + 30. What is the units digit of 312/z - 4/22?
4
Suppose -4*m - 5*d = 27, -3*m + 5*m - 5*d - 9 = 0. What is the tens digit of 19 + 3 + m - 1?
1
Let w = -8 - -122. What is the units digit of w?
4
Let w = 49 + -20. What is the tens digit of w/((-1 - 0)/(-1))?
2
Suppose -1067 = -2*g - 9*g. What is the units digit of g?
7
Let s(r) = r**3 - 15*r**2 + 15*r + 20. Let m be s(14). Suppose 9*x - m = 4*x - 3*u, -u = -3. What is the units digit of x?
5
Let q = -3 - 0. Let g(y) = -3*y**2 + 6*y**2 + 2*y - 2*y**2 + 1. What is the units digit of g(q)?
4
Suppose 3*b + 16 = 2*g, g - 6 = b - 0. Suppose g*q = -5*w + 27, -3*q = w - 2*w + 2